{"id":46,"date":"2015-09-22T02:12:37","date_gmt":"2015-09-21T23:12:37","guid":{"rendered":"http:\/\/www.falundafa.fi\/kirjat\/0\/?page_id=46"},"modified":"2015-10-02T10:08:23","modified_gmt":"2015-10-02T07:08:23","slug":"zhuan-falun-2012","status":"publish","type":"page","link":"https:\/\/www.falundafa.fi\/kirjat\/0\/zhuan-falun-2012\/","title":{"rendered":"Zhuan Falun (2012)"},"content":{"rendered":"<p>[et_pb_section admin_label=\u201dSection\u201d fullwidth=\u201doff\u201d specialty=\u201doff\u201d][et_pb_row admin_label=\u201dRow\u201d make_fullwidth=\u201doff\u201d use_custom_width=\u201doff\u201d width_unit=\u201don\u201d use_custom_gutter=\u201doff\u201d padding_mobile=\u201doff\u201d allow_player_pause=\u201doff\u201d parallax=\u201doff\u201d parallax_method=\u201doff\u201d make_equal=\u201doff\u201d padding_right_1=\u201d5em\u201d padding_left_1=\u201d5em\u201d column_padding_mobile=\u201doff\u201d][et_pb_column type=\u201d4_4&#8243;][et_pb_text admin_label=\u201dOtsikkotiedot\u201d background_layout=\u201dlight\u201d text_orientation=\u201dleft\u201d use_border_color=\u201doff\u201d border_color=\u201d#ffffff\u201d border_style=\u201dsolid\u201d]<\/p>\n<h1 style=\"text-align: center;\">Zhuan Falun<\/h1>\n<p style=\"text-align: center;\"><strong>Li Hongzhi<\/strong><\/p>\n<p style=\"text-align: center;\">(1994)<\/p>\n<p style=\"text-align: center;\">Suomenkielinen k\u00e4\u00e4nn\u00f6s\u00a0(2012)<\/p>\n<p style=\"text-align: center;\">Kaikki oikeudet pid\u00e4tet\u00e4\u00e4n.<\/p>\n<p style=\"text-align: center;\">Kirjan viitteet ovat k\u00e4\u00e4nt\u00e4jien lis\u00e4yksi\u00e4.<\/p>\n<p>[\/et_pb_text][et_pb_divider admin_label=\u201dDivider\u201d color=\u201d#e8e8e8&#8243; show_divider=\u201don\u201d divider_style=\u201dsolid\u201d divider_position=\u201dtop\u201d hide_on_mobile=\u201doff\u201d height=\u201d25&#8243;]<\/p>\n<p>&nbsp;<\/p>\n<p>[\/et_pb_divider][et_pb_text admin_label=\u201dSis\u00e4llysluettelo\u201d background_layout=\u201dlight\u201d text_orientation=\u201dleft\u201d use_border_color=\u201doff\u201d border_color=\u201d#ffffff\u201d border_style=\u201dsolid\u201d module_id=\u201dsisallysluettelo\u201d]<\/p>\n<a class=\"mwm-aal-item\" name=\"lunyu\"><\/a><h2 style=\"text-align: left;\"><a href=\"http:\/\/www.falundafa.fi\/kirjat\/0\/zhuan-falun-2012\/lunyu\/\">L\u00fany\u01d4<\/a><\/h2>\n<a class=\"mwm-aal-item\" name=\"ensimmainen-luento\"><\/a><h2 style=\"text-align: left;\"><a href=\"http:\/\/www.falundafa.fi\/kirjat\/0\/zhuan-falun-2012\/ensimmainen-luento\/\">Ensimm\u00e4inen luento<\/a><\/h2>\n<p style=\"text-align: left;\"><a href=\"http:\/\/www.falundafa.fi\/kirjat\/0\/zhuan-falun-2012\/ensimmainen-luento\/#ihmisten-todellinen-opastus-korkeille-tasoille\">Ihmisten todellinen opastus korkeille tasoille<\/a><\/p>\n<p style=\"text-align: left;\"><a href=\"http:\/\/www.falundafa.fi\/kirjat\/0\/zhuan-falun-2012\/ensimmainen-luento\/#eri-tasoilla-on-erilainen-fa\">Eri tasoilla on erilainen Fa<\/a><\/p>\n<p style=\"text-align: left;\"><a href=\"http:\/\/www.falundafa.fi\/kirjat\/0\/zhuan-falun-2012\/ensimmainen-luento\/#zhen-shan-ren-on-ainoa-mittapuu-hyvyyden-ja-pahuuden-arviointiin\"><em>Zhe\u0304n<\/em>\u2013<em>Sha\u0300n<\/em>\u2013<em>Re\u030cn<\/em> on ainoa mittapuu hyvyyden ja pahuuden arviointiin<\/a><\/p>\n<p style=\"text-align: left;\"><a href=\"http:\/\/www.falundafa.fi\/kirjat\/0\/zhuan-falun-2012\/ensimmainen-luento\/#qigong-on-esihistoriallista-kulttuuria\">Qigong on esihistoriallista kulttuuria<\/a><\/p>\n<p style=\"text-align: left;\"><a href=\"http:\/\/www.falundafa.fi\/kirjat\/0\/zhuan-falun-2012\/ensimmainen-luento\/#qigong-on-kultivoinnin-harjoittamista\">Qigong on kultivoinnin harjoittamista<\/a><\/p>\n<p style=\"text-align: left;\"><a href=\"http:\/\/www.falundafa.fi\/kirjat\/0\/zhuan-falun-2012\/ensimmainen-luento\/#miksi-harjoitukset-eivat-kasvata-gongia\">Miksi harjoitukset eiv\u00e4t kasvata gongia<\/a><\/p>\n<p style=\"text-align: left;\"><a href=\"http:\/\/www.falundafa.fi\/kirjat\/0\/zhuan-falun-2012\/ensimmainen-luento\/#falun-dafan-erityispiirteet\">Falun Dafan erityispiirteet<\/a><\/p>\n<a class=\"mwm-aal-item\" name=\"toinen-luento\"><\/a><h2 style=\"text-align: left;\"><a href=\"http:\/\/www.falundafa.fi\/kirjat\/0\/zhuan-falun-2012\/toinen-luento\/\">Toinen luento<\/a><\/h2>\n<p style=\"text-align: left;\"><a href=\"http:\/\/www.falundafa.fi\/kirjat\/0\/zhuan-falun-2012\/toinen-luento\/#taivaallinen-silma\">Taivaallinen silm\u00e4<\/a><\/p>\n<p style=\"text-align: left;\"><a href=\"http:\/\/www.falundafa.fi\/kirjat\/0\/zhuan-falun-2012\/toinen-luento\/#etanakoisyyden-yliluonnollinen-kyky\">Et\u00e4n\u00e4k\u00f6isyyden yliluonnollinen kyky<\/a><\/p>\n<p style=\"text-align: left;\"><a href=\"http:\/\/www.falundafa.fi\/kirjat\/0\/zhuan-falun-2012\/toinen-luento\/#kohtalon-tietamisen-yliluonnollinen-kyky\">Kohtalon tiet\u00e4misen yliluonnollinen kyky<\/a><\/p>\n<p style=\"text-align: left;\"><a href=\"http:\/\/www.falundafa.fi\/kirjat\/0\/zhuan-falun-2012\/toinen-luento\/#viiden-elementin-ja-kolmen-maailman-ylittaminen\">Viiden elementin ja Kolmen maailman ylitt\u00e4minen<\/a><\/p>\n<p style=\"text-align: left;\"><a href=\"http:\/\/www.falundafa.fi\/kirjat\/0\/zhuan-falun-2012\/toinen-luento\/#asioiden-tavoittelu\">Asioiden tavoittelu<\/a><\/p>\n<a class=\"mwm-aal-item\" name=\"kolmas-luento\"><\/a><h2 style=\"text-align: left;\"><a href=\"http:\/\/www.falundafa.fi\/kirjat\/0\/zhuan-falun-2012\/kolmas-luento\/\">Kolmas luento<\/a><\/h2>\n<p style=\"text-align: left;\"><a href=\"http:\/\/www.falundafa.fi\/kirjat\/0\/zhuan-falun-2012\/kolmas-luento\/#kohtelen-kaikkia-harjoittajia-opetuslapsinani\">Kohtelen kaikkia harjoittajia opetuslapsinani<\/a><\/p>\n<p style=\"text-align: left;\"><a href=\"http:\/\/www.falundafa.fi\/kirjat\/0\/zhuan-falun-2012\/kolmas-luento\/#buddha-jarjestelman-qigong-ja-buddhalaisuus-uskontona\">Buddha-j\u00e4rjestelm\u00e4n qigong ja buddhalaisuus uskontona<\/a><\/p>\n<p style=\"text-align: left;\"><a href=\"http:\/\/www.falundafa.fi\/kirjat\/0\/zhuan-falun-2012\/kolmas-luento\/#kultivoidessa-taytyy-harjoittaa-vain-yhta-menetelmaa\">Kultivoidessa t\u00e4ytyy harjoittaa vain yht\u00e4 menetelm\u00e4\u00e4<\/a><\/p>\n<p style=\"text-align: left;\"><a href=\"http:\/\/www.falundafa.fi\/kirjat\/0\/zhuan-falun-2012\/kolmas-luento\/#yliluonnolliset-kyvyt-ja-gong-voima\">Yliluonnolliset kyvyt ja gong-voima<\/a><\/p>\n<p style=\"text-align: left;\"><a href=\"http:\/\/www.falundafa.fi\/kirjat\/0\/zhuan-falun-2012\/kolmas-luento\/#kaanteinen-kultivointi-ja-gongin-lainaaminen\">K\u00e4\u00e4nteinen kultivointi ja gongin lainaaminen<\/a><\/p>\n<p style=\"text-align: left;\"><a href=\"http:\/\/www.falundafa.fi\/kirjat\/0\/zhuan-falun-2012\/kolmas-luento\/#kehoon-kiinnittyvat-henget-futi\">Kehoon kiinnittyv\u00e4t henget (<em>fu\u0300ti\u030c<\/em>)<\/a><\/p>\n<p style=\"text-align: left;\"><a href=\"http:\/\/www.falundafa.fi\/kirjat\/0\/zhuan-falun-2012\/kolmas-luento\/#kosminen-kieli-yuzhou-yu\">Kosminen kieli (<em>yu\u030czho\u0300u yu\u030c<\/em>)<\/a><\/p>\n<p style=\"text-align: left;\"><a href=\"http:\/\/www.falundafa.fi\/kirjat\/0\/zhuan-falun-2012\/kolmas-luento\/#mita-mestari-antaa-harjoittajille\">Mit\u00e4 Mestari antaa harjoittajille<\/a><\/p>\n<p style=\"text-align: left;\"><a href=\"http:\/\/www.falundafa.fi\/kirjat\/0\/zhuan-falun-2012\/kolmas-luento\/#energiakentta\">Energiakentt\u00e4<\/a><\/p>\n<p style=\"text-align: left;\"><a href=\"http:\/\/www.falundafa.fi\/kirjat\/0\/zhuan-falun-2012\/kolmas-luento\/#milla-tavoin-falun-dafan-oppilaiden-tulee-levittaa-menetelmaa\">Mill\u00e4 tavoin Falun Dafan oppilaiden tulee levitt\u00e4\u00e4 menetelm\u00e4\u00e4<\/a><\/p>\n<a class=\"mwm-aal-item\" name=\"neljas-luento\"><\/a><h2 style=\"text-align: left;\"><a href=\"http:\/\/www.falundafa.fi\/kirjat\/0\/zhuan-falun-2012\/neljas-luento\/\">Nelj\u00e4s luento<\/a><\/h2>\n<p style=\"text-align: left;\"><a href=\"http:\/\/www.falundafa.fi\/kirjat\/0\/zhuan-falun-2012\/neljas-luento\/#menetys-ja-voitto\">Menetys ja voitto<\/a><\/p>\n<p style=\"text-align: left;\"><a href=\"http:\/\/www.falundafa.fi\/kirjat\/0\/zhuan-falun-2012\/neljas-luento\/#karman-muuntaminen\">Karman muuntaminen<\/a><\/p>\n<p style=\"text-align: left;\"><a href=\"http:\/\/www.falundafa.fi\/kirjat\/0\/zhuan-falun-2012\/neljas-luento\/#luonteenlaadun-parantaminen\">Luonteenlaadun parantaminen<\/a><\/p>\n<p style=\"text-align: left;\"><a href=\"http:\/\/www.falundafa.fi\/kirjat\/0\/zhuan-falun-2012\/neljas-luento\/#energian-kaataminen-paalaesta-guanding\">Energian kaataminen p\u00e4\u00e4laesta (<em>gua\u0300ndi\u030cng<\/em>)<\/a><\/p>\n<p style=\"text-align: left;\"><a href=\"http:\/\/www.falundafa.fi\/kirjat\/0\/zhuan-falun-2012\/neljas-luento\/#salaperaisen-lapikulun-asettaminen-xuanguan-shewei\">\u201dSalaper\u00e4isen l\u00e4pikulun asettaminen\u201d (<em>xua\u0301ngua\u0304n she\u0300we\u0300i<\/em>)<\/a><\/p>\n<a class=\"mwm-aal-item\" name=\"viides-luento\"><\/a><h2 style=\"text-align: left;\"><a href=\"http:\/\/www.falundafa.fi\/kirjat\/0\/zhuan-falun-2012\/viides-luento\/\">Viides luento<\/a><\/h2>\n<p style=\"text-align: left;\"><a href=\"http:\/\/www.falundafa.fi\/kirjat\/0\/zhuan-falun-2012\/viides-luento\/#falun-kuvio\">Falun-kuvio<\/a><\/p>\n<p style=\"text-align: left;\"><a href=\"http:\/\/www.falundafa.fi\/kirjat\/0\/zhuan-falun-2012\/viides-luento\/#qimen-jarjestelma-qimen-gongfa\">Qimen-j\u00e4rjestelm\u00e4 (<em>qi\u0304me\u0301n go\u0304ngfa\u030c<\/em>)<\/a><\/p>\n<p style=\"text-align: left;\"><a href=\"http:\/\/www.falundafa.fi\/kirjat\/0\/zhuan-falun-2012\/viides-luento\/#harhaoppisen-kultivointimenetelman-harjoittaminen\">Harhaoppisen kultivointimenetelm\u00e4n harjoittaminen<\/a><\/p>\n<p style=\"text-align: left;\"><a href=\"http:\/\/www.falundafa.fi\/kirjat\/0\/zhuan-falun-2012\/viides-luento\/#miehen-ja-naisen-kaksoiskultivointi\">Miehen ja naisen kaksoiskultivointi<\/a><\/p>\n<p style=\"text-align: left;\"><a href=\"http:\/\/www.falundafa.fi\/kirjat\/0\/zhuan-falun-2012\/viides-luento\/#mielen-ja-kehon-rinnakkainen-kultivointi-xingming-shuangxiu\">Mielen ja kehon rinnakkainen kultivointi (<em>xi\u0300ngmi\u0300ng shua\u0304ngxiu\u0304<\/em>)<\/a><\/p>\n<p style=\"text-align: left;\"><a href=\"http:\/\/www.falundafa.fi\/kirjat\/0\/zhuan-falun-2012\/viides-luento\/#lakikeho-fashen\">Lakikeho (<em>fa\u030cshe\u0304n<\/em>)<\/a><\/p>\n<p style=\"text-align: left;\"><a href=\"http:\/\/www.falundafa.fi\/kirjat\/0\/zhuan-falun-2012\/viides-luento\/#buddha-patsaan-pyhitys-kaiguang\">Buddha-patsaan pyhitys (<em>ka\u0304igua\u0304ng<\/em>)<\/a><\/p>\n<p style=\"text-align: left;\"><a href=\"http:\/\/www.falundafa.fi\/kirjat\/0\/zhuan-falun-2012\/viides-luento\/#loitsujen-harjoittaminen-zhuyou-ke\">Loitsujen harjoittaminen (<em>zhu\u0300you\u0301 ke\u0304<\/em>)<\/a><\/p>\n<a class=\"mwm-aal-item\" name=\"kuudes-luento\"><\/a><h2 style=\"text-align: left;\"><a href=\"http:\/\/www.falundafa.fi\/kirjat\/0\/zhuan-falun-2012\/kuudes-luento\/\">Kuudes luento<\/a><\/h2>\n<p style=\"text-align: left;\"><a href=\"http:\/\/www.falundafa.fi\/kirjat\/0\/zhuan-falun-2012\/kuudes-luento\/#qigong-psykoosi-zouhuo-rumo\">Qigong-psykoosi (<em>zo\u030cuhuo\u030c ru\u0300mo\u0301<\/em>)<\/a><\/p>\n<p style=\"text-align: left;\"><a href=\"http:\/\/www.falundafa.fi\/kirjat\/0\/zhuan-falun-2012\/kuudes-luento\/#demoninen-hairinta-kultivoinnissa\">Demoninen h\u00e4irint\u00e4 kultivoinnissa<\/a><\/p>\n<p style=\"text-align: left;\"><a href=\"http:\/\/www.falundafa.fi\/kirjat\/0\/zhuan-falun-2012\/kuudes-luento\/#demonien-syntyminen-omassa-mielessa\">Demonien syntyminen omassa mieless\u00e4<\/a><\/p>\n<p style=\"text-align: left;\"><a href=\"http:\/\/www.falundafa.fi\/kirjat\/0\/zhuan-falun-2012\/kuudes-luento\/#paatajunnan-taytyy-olla-vahva\">P\u00e4\u00e4tajunnan t\u00e4ytyy olla vahva<\/a><\/p>\n<p style=\"text-align: left;\"><a href=\"http:\/\/www.falundafa.fi\/kirjat\/0\/zhuan-falun-2012\/kuudes-luento\/#ajatusten-on-oltava-oikeamielisia\">Ajatusten on oltava oikeamielisi\u00e4<\/a><\/p>\n<p style=\"text-align: left;\"><a href=\"http:\/\/www.falundafa.fi\/kirjat\/0\/zhuan-falun-2012\/kuudes-luento\/#kamppailulajien-qigong-wushu-qigong\">Kamppailulajien qigong (<em>wu\u030cshu\u0300 qi\u0300go\u0304ng<\/em>)<\/a><\/p>\n<p style=\"text-align: left;\"><a href=\"http:\/\/www.falundafa.fi\/kirjat\/0\/zhuan-falun-2012\/kuudes-luento\/#rehentely\">Rehentely<\/a><\/p>\n<a class=\"mwm-aal-item\" name=\"seitsemas-luento\"><\/a><h2 style=\"text-align: left;\"><a href=\"http:\/\/www.falundafa.fi\/kirjat\/0\/zhuan-falun-2012\/seitsemas-luento\/\">Seitsem\u00e4s luento<\/a><\/h2>\n<p style=\"text-align: left;\"><a href=\"http:\/\/www.falundafa.fi\/kirjat\/0\/zhuan-falun-2012\/seitsemas-luento\/#tappaminen\">Tappaminen<\/a><\/p>\n<p style=\"text-align: left;\"><a href=\"http:\/\/www.falundafa.fi\/kirjat\/0\/zhuan-falun-2012\/seitsemas-luento\/#lihansyonti\">Lihansy\u00f6nti<\/a><\/p>\n<p style=\"text-align: left;\"><a href=\"http:\/\/www.falundafa.fi\/kirjat\/0\/zhuan-falun-2012\/seitsemas-luento\/#kateus\">Kateus<\/a><\/p>\n<p style=\"text-align: left;\"><a href=\"http:\/\/www.falundafa.fi\/kirjat\/0\/zhuan-falun-2012\/seitsemas-luento\/#sairauksien-parantaminen\">Sairauksien parantaminen<\/a><\/p>\n<p style=\"text-align: left;\"><a href=\"http:\/\/www.falundafa.fi\/kirjat\/0\/zhuan-falun-2012\/seitsemas-luento\/#sairaalahoidot-ja-qigong-parannus\">Sairaalahoidot ja qigong-parannus<\/a><\/p>\n<a class=\"mwm-aal-item\" name=\"kahdeksas-luento\"><\/a><h2 style=\"text-align: left;\"><a href=\"http:\/\/www.falundafa.fi\/kirjat\/0\/zhuan-falun-2012\/kahdeksas-luento\/\">Kahdeksas luento<\/a><\/h2>\n<p style=\"text-align: left;\"><a href=\"http:\/\/www.falundafa.fi\/kirjat\/0\/zhuan-falun-2012\/kahdeksas-luento\/#bigu-paasto\"><em>Bi\u0300gu\u030c<\/em>-paasto<\/a><\/p>\n<p style=\"text-align: left;\"><a href=\"http:\/\/www.falundafa.fi\/kirjat\/0\/zhuan-falun-2012\/kahdeksas-luento\/#qin-varastaminen\">Qi&#8217;n varastaminen<\/a><\/p>\n<p style=\"text-align: left;\"><a href=\"http:\/\/www.falundafa.fi\/kirjat\/0\/zhuan-falun-2012\/kahdeksas-luento\/#qin-keraaminen\">Qi&#8217;n ker\u00e4\u00e4minen<\/a><\/p>\n<p style=\"text-align: left;\"><a href=\"http:\/\/www.falundafa.fi\/kirjat\/0\/zhuan-falun-2012\/kahdeksas-luento\/#gongia-saa-se-joka-harjoittaa-kultivointia\">Gongia saa se, joka harjoittaa kultivointia<\/a><\/p>\n<p style=\"text-align: left;\"><a href=\"http:\/\/www.falundafa.fi\/kirjat\/0\/zhuan-falun-2012\/kahdeksas-luento\/#taivaallinen-kiertokulku-zhoutian\">Taivaallinen kiertokulku (<em>zho\u0304utia\u0304n<\/em>)<\/a><\/p>\n<p style=\"text-align: left;\"><a href=\"http:\/\/www.falundafa.fi\/kirjat\/0\/zhuan-falun-2012\/kahdeksas-luento\/#fanaattisuus\">Fanaattisuus<\/a><\/p>\n<p style=\"text-align: left;\"><a href=\"http:\/\/www.falundafa.fi\/kirjat\/0\/zhuan-falun-2012\/kahdeksas-luento\/#puheen-kultivointi\">Puheen kultivointi<\/a><\/p>\n<a class=\"mwm-aal-item\" name=\"yhdeksas-luento\"><\/a><h2 style=\"text-align: left;\"><a href=\"http:\/\/www.falundafa.fi\/kirjat\/0\/zhuan-falun-2012\/yhdeksas-luento\/\">Yhdeks\u00e4s luento<\/a><\/h2>\n<p style=\"text-align: left;\"><a href=\"http:\/\/www.falundafa.fi\/kirjat\/0\/zhuan-falun-2012\/yhdeksas-luento\/#qigong-ja-urheilu\">Qigong ja urheilu<\/a><\/p>\n<p style=\"text-align: left;\"><a href=\"http:\/\/www.falundafa.fi\/kirjat\/0\/zhuan-falun-2012\/yhdeksas-luento\/#ajatukset\">Ajatukset<\/a><\/p>\n<p style=\"text-align: left;\"><a href=\"http:\/\/www.falundafa.fi\/kirjat\/0\/zhuan-falun-2012\/yhdeksas-luento\/#selkea-ja-puhdas-mieli\">Selke\u00e4 ja puhdas mieli<\/a><\/p>\n<p style=\"text-align: left;\"><a href=\"http:\/\/www.falundafa.fi\/kirjat\/0\/zhuan-falun-2012\/yhdeksas-luento\/#synnynnainen-perusta\">Synnynn\u00e4inen perusta<\/a><\/p>\n<p style=\"text-align: left;\"><a href=\"http:\/\/www.falundafa.fi\/kirjat\/0\/zhuan-falun-2012\/yhdeksas-luento\/#valaistuminen\">Valaistuminen<\/a><\/p>\n<p style=\"text-align: left;\"><a href=\"http:\/\/www.falundafa.fi\/kirjat\/0\/zhuan-falun-2012\/yhdeksas-luento\/#henkilo-jonka-synnynnainen-perusta-on-mahtava\">Henkil\u00f6, jonka synnynn\u00e4inen perusta on mahtava<\/a><\/p>\n<p>[\/et_pb_text][et_pb_divider admin_label=\u201dDivider\u201d color=\u201d#e8e8e8&#8243; show_divider=\u201don\u201d divider_style=\u201dsolid\u201d divider_position=\u201dtop\u201d hide_on_mobile=\u201doff\u201d height=\u201d50&#8243;]<\/p>\n<p>&nbsp;<\/p>\n<p>[\/et_pb_divider][et_pb_text admin_label=\u201dText\u201d background_layout=\u201dlight\u201d text_orientation=\u201dcenter\u201d use_border_color=\u201doff\u201d border_color=\u201d#ffffff\u201d border_style=\u201dsolid\u201d]<\/p>\n<p style=\"text-align: center;\"><img decoding=\"async\" class=\"alignnone size-medium wp-image-202\" style=\"max-width: 1.5em;\" src=\"http:\/\/www.falundafa.fi\/kirjat\/0\/wp-content\/uploads\/2015\/09\/ornamentti.svg\" alt=\"\" \/><\/p>\n<p style=\"text-align: center; font-size: 90%;\">\u201dPintapuolisesti <em>Zhuan Falun<\/em> ei ole hienostunutta\u00a0kielt\u00e4. Se ei\u00a0kenties edes noudata [kiinan] nykyaikaista\u00a0kielioppia. Jos kuitenkin k\u00e4ytt\u00e4isin nykyaikaista\u00a0kielioppia t\u00e4m\u00e4n Dafan kirjan j\u00e4rjest\u00e4miseen, esille nousisi er\u00e4s\u00a0vakava ongelma. Vaikka kirjan kieli olisikin silloin\u00a0standardinmukaista ja\u00a0hienostunutta, se ei kattaisi syv\u00e4llisemp\u00e4\u00e4 ja korkeampaa sis\u00e4lt\u00f6\u00e4. T\u00e4m\u00e4 johtuu siit\u00e4, ett\u00e4 nykyaikainen, standardoitu k\u00e4sitteist\u00f6 ei voi ilmaista Dafan opastusta\u00a0erilaisilla korkeilla tasoilla eik\u00e4 Fa&#8217;n ilmenemist\u00e4 kullakin tasolla. Se ei my\u00f6sk\u00e4\u00e4n kykenisi aikaansaamaan\u00a0kultivoijien alkuper\u00e4iskehon ja gongin muuntumista\u00a0eik\u00e4 muita vastaavia\u00a0perustavanlaatuisia muutoksia.\u201d<\/p>\n<p style=\"text-align: center; font-size: 90%;\"><em>Li Hongzhi<\/em><br \/>\n<em>5. tammikuuta 1996<\/em><\/p>\n<p>[\/et_pb_text][\/et_pb_column][\/et_pb_row][\/et_pb_section]<\/p>\n","protected":false},"excerpt":{"rendered":"<p>Zhuan Falun Li Hongzhi (1994) Suomenkielinen k\u00e4\u00e4nn\u00f6s\u00a0(2012) Kaikki oikeudet pid\u00e4tet\u00e4\u00e4n. Kirjan viitteet ovat k\u00e4\u00e4nt\u00e4jien lis\u00e4yksi\u00e4. &nbsp; L\u00fany\u01d4 Ensimm\u00e4inen luento Ihmisten todellinen opastus korkeille tasoille Eri tasoilla on erilainen Fa Zhe\u0304n\u2013Sha\u0300n\u2013Re\u030cn on ainoa mittapuu hyvyyden ja pahuuden arviointiin Qigong on esihistoriallista kulttuuria Qigong on kultivoinnin harjoittamista Miksi harjoitukset eiv\u00e4t kasvata gongia Falun Dafan erityispiirteet Toinen luento [&hellip;]<\/p>\n","protected":false},"author":1,"featured_media":0,"parent":0,"menu_order":0,"comment_status":"closed","ping_status":"closed","template":"page-template-blank.php","meta":{"_et_pb_use_builder":"on","_et_pb_old_content":"","_et_gb_content_width":"","inline_featured_image":false,"_exactmetrics_skip_tracking":false,"_exactmetrics_sitenote_active":false,"_exactmetrics_sitenote_note":"","_exactmetrics_sitenote_category":0,"footnotes":""},"categories":[],"tags":[],"class_list":["post-46","page","type-page","status-publish","hentry"],"yoast_head":"<!-- This site is optimized with the Yoast SEO plugin v24.0 - https:\/\/yoast.com\/wordpress\/plugins\/seo\/ -->\n<title>Zhuan Falun (2012) - Falun Dafa \/ Falun Gong | Kirjat ja luennot<\/title>\n<meta name=\"robots\" content=\"index, follow, max-snippet:-1, max-image-preview:large, max-video-preview:-1\" \/>\n<link rel=\"canonical\" href=\"https:\/\/www.falundafa.fi\/kirjat\/0\/zhuan-falun-2012\/\" \/>\n<meta property=\"og:locale\" content=\"en_US\" \/>\n<meta property=\"og:type\" content=\"article\" \/>\n<meta property=\"og:title\" content=\"Zhuan Falun (2012) - Falun Dafa \/ Falun Gong | Kirjat ja luennot\" \/>\n<meta property=\"og:description\" content=\"Zhuan Falun Li Hongzhi (1994) Suomenkielinen k\u00e4\u00e4nn\u00f6s\u00a0(2012) Kaikki oikeudet pid\u00e4tet\u00e4\u00e4n. Kirjan viitteet ovat k\u00e4\u00e4nt\u00e4jien lis\u00e4yksi\u00e4. &nbsp; L\u00fany\u01d4 Ensimm\u00e4inen luento Ihmisten todellinen opastus korkeille tasoille Eri tasoilla on erilainen Fa Zhe\u0304n\u2013Sha\u0300n\u2013Re\u030cn on ainoa mittapuu hyvyyden ja pahuuden arviointiin Qigong on esihistoriallista kulttuuria Qigong on kultivoinnin harjoittamista Miksi harjoitukset eiv\u00e4t kasvata gongia Falun Dafan erityispiirteet Toinen luento [&hellip;]\" \/>\n<meta property=\"og:url\" content=\"https:\/\/www.falundafa.fi\/kirjat\/0\/zhuan-falun-2012\/\" \/>\n<meta property=\"og:site_name\" content=\"Falun Dafa \/ Falun Gong | Kirjat ja luennot\" \/>\n<meta property=\"article:modified_time\" content=\"2015-10-02T07:08:23+00:00\" \/>\n<meta name=\"twitter:card\" content=\"summary_large_image\" \/>\n<meta name=\"twitter:label1\" content=\"Est. reading time\" \/>\n\t<meta name=\"twitter:data1\" content=\"3 minutes\" \/>\n<script type=\"application\/ld+json\" class=\"yoast-schema-graph\">{\"@context\":\"https:\/\/schema.org\",\"@graph\":[{\"@type\":\"WebPage\",\"@id\":\"https:\/\/www.falundafa.fi\/kirjat\/0\/zhuan-falun-2012\/\",\"url\":\"https:\/\/www.falundafa.fi\/kirjat\/0\/zhuan-falun-2012\/\",\"name\":\"Zhuan Falun (2012) - Falun Dafa \/ Falun Gong | Kirjat ja luennot\",\"isPartOf\":{\"@id\":\"https:\/\/www.falundafa.fi\/kirjat\/0\/#website\"},\"primaryImageOfPage\":{\"@id\":\"https:\/\/www.falundafa.fi\/kirjat\/0\/zhuan-falun-2012\/#primaryimage\"},\"image\":{\"@id\":\"https:\/\/www.falundafa.fi\/kirjat\/0\/zhuan-falun-2012\/#primaryimage\"},\"thumbnailUrl\":\"http:\/\/www.falundafa.fi\/kirjat\/0\/wp-content\/uploads\/2015\/09\/ornamentti.svg\",\"datePublished\":\"2015-09-21T23:12:37+00:00\",\"dateModified\":\"2015-10-02T07:08:23+00:00\",\"breadcrumb\":{\"@id\":\"https:\/\/www.falundafa.fi\/kirjat\/0\/zhuan-falun-2012\/#breadcrumb\"},\"inLanguage\":\"en-US\",\"potentialAction\":[{\"@type\":\"ReadAction\",\"target\":[\"https:\/\/www.falundafa.fi\/kirjat\/0\/zhuan-falun-2012\/\"]}]},{\"@type\":\"ImageObject\",\"inLanguage\":\"en-US\",\"@id\":\"https:\/\/www.falundafa.fi\/kirjat\/0\/zhuan-falun-2012\/#primaryimage\",\"url\":\"http:\/\/www.falundafa.fi\/kirjat\/0\/wp-content\/uploads\/2015\/09\/ornamentti.svg\",\"contentUrl\":\"http:\/\/www.falundafa.fi\/kirjat\/0\/wp-content\/uploads\/2015\/09\/ornamentti.svg\"},{\"@type\":\"BreadcrumbList\",\"@id\":\"https:\/\/www.falundafa.fi\/kirjat\/0\/zhuan-falun-2012\/#breadcrumb\",\"itemListElement\":[{\"@type\":\"ListItem\",\"position\":1,\"name\":\"Home\",\"item\":\"https:\/\/www.falundafa.fi\/kirjat\/0\/\"},{\"@type\":\"ListItem\",\"position\":2,\"name\":\"Zhuan Falun (2012)\"}]},{\"@type\":\"WebSite\",\"@id\":\"https:\/\/www.falundafa.fi\/kirjat\/0\/#website\",\"url\":\"https:\/\/www.falundafa.fi\/kirjat\/0\/\",\"name\":\"Falun Dafa \/ Falun Gong | Kirjat ja luennot\",\"description\":\"Lue Li Hongzhi&#039;n suomeksi k\u00e4\u00e4nnettyj\u00e4 kirjoja ja luentoja verkossa.\",\"potentialAction\":[{\"@type\":\"SearchAction\",\"target\":{\"@type\":\"EntryPoint\",\"urlTemplate\":\"https:\/\/www.falundafa.fi\/kirjat\/0\/?s={search_term_string}\"},\"query-input\":{\"@type\":\"PropertyValueSpecification\",\"valueRequired\":true,\"valueName\":\"search_term_string\"}}],\"inLanguage\":\"en-US\"}]}<\/script>\n<!-- \/ Yoast SEO plugin. -->","yoast_head_json":{"title":"Zhuan Falun (2012) - Falun Dafa \/ Falun Gong | Kirjat ja luennot","robots":{"index":"index","follow":"follow","max-snippet":"max-snippet:-1","max-image-preview":"max-image-preview:large","max-video-preview":"max-video-preview:-1"},"canonical":"https:\/\/www.falundafa.fi\/kirjat\/0\/zhuan-falun-2012\/","og_locale":"en_US","og_type":"article","og_title":"Zhuan Falun (2012) - Falun Dafa \/ Falun Gong | Kirjat ja luennot","og_description":"Zhuan Falun Li Hongzhi (1994) Suomenkielinen k\u00e4\u00e4nn\u00f6s\u00a0(2012) Kaikki oikeudet pid\u00e4tet\u00e4\u00e4n. Kirjan viitteet ovat k\u00e4\u00e4nt\u00e4jien lis\u00e4yksi\u00e4. &nbsp; L\u00fany\u01d4 Ensimm\u00e4inen luento Ihmisten todellinen opastus korkeille tasoille Eri tasoilla on erilainen Fa Zhe\u0304n\u2013Sha\u0300n\u2013Re\u030cn on ainoa mittapuu hyvyyden ja pahuuden arviointiin Qigong on esihistoriallista kulttuuria Qigong on kultivoinnin harjoittamista Miksi harjoitukset eiv\u00e4t kasvata gongia Falun Dafan erityispiirteet Toinen luento [&hellip;]","og_url":"https:\/\/www.falundafa.fi\/kirjat\/0\/zhuan-falun-2012\/","og_site_name":"Falun Dafa \/ Falun Gong | Kirjat ja luennot","article_modified_time":"2015-10-02T07:08:23+00:00","twitter_card":"summary_large_image","twitter_misc":{"Est. reading time":"3 minutes"},"schema":{"@context":"https:\/\/schema.org","@graph":[{"@type":"WebPage","@id":"https:\/\/www.falundafa.fi\/kirjat\/0\/zhuan-falun-2012\/","url":"https:\/\/www.falundafa.fi\/kirjat\/0\/zhuan-falun-2012\/","name":"Zhuan Falun (2012) - Falun Dafa \/ Falun Gong | Kirjat ja luennot","isPartOf":{"@id":"https:\/\/www.falundafa.fi\/kirjat\/0\/#website"},"primaryImageOfPage":{"@id":"https:\/\/www.falundafa.fi\/kirjat\/0\/zhuan-falun-2012\/#primaryimage"},"image":{"@id":"https:\/\/www.falundafa.fi\/kirjat\/0\/zhuan-falun-2012\/#primaryimage"},"thumbnailUrl":"http:\/\/www.falundafa.fi\/kirjat\/0\/wp-content\/uploads\/2015\/09\/ornamentti.svg","datePublished":"2015-09-21T23:12:37+00:00","dateModified":"2015-10-02T07:08:23+00:00","breadcrumb":{"@id":"https:\/\/www.falundafa.fi\/kirjat\/0\/zhuan-falun-2012\/#breadcrumb"},"inLanguage":"en-US","potentialAction":[{"@type":"ReadAction","target":["https:\/\/www.falundafa.fi\/kirjat\/0\/zhuan-falun-2012\/"]}]},{"@type":"ImageObject","inLanguage":"en-US","@id":"https:\/\/www.falundafa.fi\/kirjat\/0\/zhuan-falun-2012\/#primaryimage","url":"http:\/\/www.falundafa.fi\/kirjat\/0\/wp-content\/uploads\/2015\/09\/ornamentti.svg","contentUrl":"http:\/\/www.falundafa.fi\/kirjat\/0\/wp-content\/uploads\/2015\/09\/ornamentti.svg"},{"@type":"BreadcrumbList","@id":"https:\/\/www.falundafa.fi\/kirjat\/0\/zhuan-falun-2012\/#breadcrumb","itemListElement":[{"@type":"ListItem","position":1,"name":"Home","item":"https:\/\/www.falundafa.fi\/kirjat\/0\/"},{"@type":"ListItem","position":2,"name":"Zhuan Falun (2012)"}]},{"@type":"WebSite","@id":"https:\/\/www.falundafa.fi\/kirjat\/0\/#website","url":"https:\/\/www.falundafa.fi\/kirjat\/0\/","name":"Falun Dafa \/ Falun Gong | Kirjat ja luennot","description":"Lue Li Hongzhi&#039;n suomeksi k\u00e4\u00e4nnettyj\u00e4 kirjoja ja luentoja verkossa.","potentialAction":[{"@type":"SearchAction","target":{"@type":"EntryPoint","urlTemplate":"https:\/\/www.falundafa.fi\/kirjat\/0\/?s={search_term_string}"},"query-input":{"@type":"PropertyValueSpecification","valueRequired":true,"valueName":"search_term_string"}}],"inLanguage":"en-US"}]}},"_links":{"self":[{"href":"https:\/\/www.falundafa.fi\/kirjat\/0\/wp-json\/wp\/v2\/pages\/46","targetHints":{"allow":["GET"]}}],"collection":[{"href":"https:\/\/www.falundafa.fi\/kirjat\/0\/wp-json\/wp\/v2\/pages"}],"about":[{"href":"https:\/\/www.falundafa.fi\/kirjat\/0\/wp-json\/wp\/v2\/types\/page"}],"author":[{"embeddable":true,"href":"https:\/\/www.falundafa.fi\/kirjat\/0\/wp-json\/wp\/v2\/users\/1"}],"replies":[{"embeddable":true,"href":"https:\/\/www.falundafa.fi\/kirjat\/0\/wp-json\/wp\/v2\/comments?post=46"}],"version-history":[{"count":0,"href":"https:\/\/www.falundafa.fi\/kirjat\/0\/wp-json\/wp\/v2\/pages\/46\/revisions"}],"wp:attachment":[{"href":"https:\/\/www.falundafa.fi\/kirjat\/0\/wp-json\/wp\/v2\/media?parent=46"}],"wp:term":[{"taxonomy":"category","embeddable":true,"href":"https:\/\/www.falundafa.fi\/kirjat\/0\/wp-json\/wp\/v2\/categories?post=46"},{"taxonomy":"post_tag","embeddable":true,"href":"https:\/\/www.falundafa.fi\/kirjat\/0\/wp-json\/wp\/v2\/tags?post=46"}],"curies":[{"name":"wp","href":"https:\/\/api.w.org\/{rel}","templated":true}]}}